u = -7*n. What is the hundreds digit of n?
1
Let p = 39 + -34. Let q(x) = 11*x + 15. What is the tens digit of q(p)?
7
Let o(a) = -a**2 - 6*a - 6. Suppose 4*u = n - 19, -5*u - 3*n + 4 - 49 = 0. Let q be o(u). Let j = q + 12. What is the units digit of j?
6
Let p(n) = n**2 - 126*n + 23. What is the thousands digit of p(-11)?
1
Let x(k) = -k**3 + k**2 - k - 1. Let i = 18 - 16. Let y(z) = -18*z**3 + 3*z**2 - 2*z - 2. Let g(c) = i*x(c) - y(c). What is the tens digit of g(1)?
1
Let b(u) be the second derivative of 11*u**4/12 + u**3/2 - 15*u**2/2 - 10*u. What is the tens digit of b(3)?
9
Suppose 24768 + 26918 = 43*u. What is the hundreds digit of u?
2
Let f be 2/10 - 336/(-70). Suppose -5*k - 4 - 1 = -5*j, f*k - 3 = 3*j. Suppose -5*n + c = -87, -k*n + 57 = -0*c - 3*c. What is the units digit of n?
7
Let j = 8 + -8. Let i(g) = -3*g + 76. What is the tens digit of i(j)?
7
Suppose 3*p - 63 = 3*z, -5*p + z = -3*p - 37. Let r(q) = -q**2 - 4*q + 4. Let h be r(-4). What is the units digit of (0 + 1)/(h/p)?
4
Suppose 6451 = 4*r + 5*w, r - 753 - 851 = -3*w. What is the hundreds digit of r?
6
Let z(g) = 3*g + 35. Let s be z(-11). Suppose 0 = s*u + 2*u + 4*q - 560, 4*u - q - 560 = 0. What is the units digit of u?
0
Let q(x) = -2*x**2 - 4*x**2 - 11 - 8*x - 2*x - 3*x**2 - x**3. Let i be q(-8). Let f = i + -2. What is the units digit of f?
3
Let h = -1 - -1. Let m(a) be the first derivative of -a**3/3 - a**2 + 4*a + 243. What is the units digit of m(h)?
4
What is the tens digit of (11011/14)/11*58?
4
Let g = -67 + 70. Suppose 4*y + 0*w - 102 = g*w, 5*y + w - 137 = 0. What is the tens digit of y?
2
Let p(m) = -17*m + 36. What is the units digit of p(-13)?
7
Let v = 5 + -3. Suppose v*o = 3*c + 210, 4*o + 5*c = -0*o + 420. Suppose 2*z - 11 = o. What is the units digit of z?
8
Let y be -1*(2 - 4/2). Suppose y = 2*q - 4 - 6. What is the units digit of (-80)/q*4/(-2)?
2
Let k(o) = o**3 - 3*o**2 - 4. Let t be k(3). Let i be 18/t*(-8)/12. What is the units digit of (-6 + i)*-1 - -33?
6
Let s be (-26)/(-16) + 12/32. Suppose b = -4*c + 14, -s*b + c + 8 = 4*c. What is the tens digit of ((-7)/(-14))/(b/(-48))?
1
Suppose -47*f + 5 = -46*f. Suppose -f*w = -100 - 230. What is the units digit of w?
6
Suppose 54*z = 46*z + 20144. What is the tens digit of z?
1
Let w(y) = y**3 - 7*y**2 + 3*y - 1. Let o be w(10). Let i = -77 + o. Suppose -3*h + 51 = c, -5*c + 4*h + i = -c. What is the units digit of c?
0
Let x(y) = y**3 + 3*y**2 + 3. Let p be x(-3). What is the tens digit of (p - -36) + -2 + -3?
3
Suppose -j - 175 + 658 = 0. What is the hundreds digit of j?
4
Suppose -18*u + 4696 = -10*u. What is the hundreds digit of u?
5
Let g be (-25)/(-10)*(-10)/(15/(-3)). Let q be (-10)/(-15) - (-1238)/6. Suppose -q = -g*p + 13. What is the tens digit of p?
4
Let u(g) = -2*g**3 + 2*g**2 + 2*g - 4. Let n(s) = -3*s**3 + 3*s**2 + 3*s - 6. Let i(o) = 5*n(o) - 8*u(o). What is the units digit of i(2)?
4
Let k be (111/(-1))/(12 + -13). Let z = k - 8. What is the units digit of z?
3
Suppose -3*a - 3*d = -6*d - 21, 4*a = d + 16. Suppose 19*q - p = 15*q + 263, 3*p + 9 = 0. Let i = a + q. What is the tens digit of i?
6
Let f = 11 + -10. Let a(b) = -2*b - 2 - 3*b - f - 4. What is the units digit of a(-3)?
8
Let x(y) = 2*y**2 - 2*y + 6. Let o be x(4). Let r = o + -22. Suppose -64 - 104 = -r*k. What is the units digit of k?
1
Let o(g) be the second derivative of 5*g**4/12 + g**3 - 3*g**2/2 - 13*g. What is the hundreds digit of o(-6)?
1
Let d(n) = -31*n + 7. What is the tens digit of d(-10)?
1
Let c(a) = 19*a - 52. Let t(y) = 19*y - 50. Let q(k) = -2*c(k) + 3*t(k). What is the hundreds digit of q(8)?
1
Suppose -19*p + 21*p = -12. What is the units digit of (9 + 1)/(p/(-90))?
0
Let j(a) = -36*a**2 - 6*a - 10. Let n be j(-3). Let m = 489 + n. What is the units digit of m?
3
What is the units digit of 1*38*1/((-10)/(-235))?
3
Let r be 3/(-2) + (-33)/66. What is the units digit of (2/(-3))/(r/543)?
1
Suppose 33 = 3*w + 4*m + 289, 4*w + 339 = -3*m. Let z = 28 - w. What is the tens digit of z?
1
Suppose 14*f - 6*f = 1288. Suppose -2*o + 4*h + 31 + f = 0, -408 = -4*o - 4*h. What is the hundreds digit of o?
1
Let i be (0 + -1)/2 + 77/14. Suppose -a - 1098 = -i*t - 5*a, t - 237 = 5*a. What is the units digit of t?
2
Let a(c) = c**3 + c**2 - 7*c + 969. What is the tens digit of a(0)?
6
Suppose -16*n + 19*n = 6, -4*n - 2647 = -5*c. What is the hundreds digit of c?
5
Let p = -819 + 1533. What is the units digit of p?
4
What is the tens digit of (0 - -762) + (-6 - 14)/5?
5
Let d(v) = v**3 + 16*v**2 - 32*v + 23. What is the hundreds digit of d(-13)?
9
Let n(i) = 38*i - 2. Let l be n(2). What is the tens digit of l + (3 - 7)*2/(-8)?
7
Let o(n) = 2 - 3 - 1 + n - 1. Let p be o(6). What is the units digit of (-2)/(p/(-21)*1)?
4
Let o be 6/(-21) - (-61)/(-7). Let x = o - -9. Suppose -h + 25 = r + 4*h, x = 4*r + 3*h - 66. What is the tens digit of r?
1
Let g = -333 - -577. Suppose 5*x - 324 = -k, 4*x - 3*k - g = -0*k. What is the tens digit of x?
6
Suppose 46 - 52 = -2*b, 2*d + 5*b = 733. What is the hundreds digit of d?
3
Let z = 10 + -13. Let h be (z/(-2))/((-1)/(-8)). Let q = h + -11. What is the units digit of q?
1
Suppose -7*q + 4*q = -7536. What is the thousands digit of q?
2
Let h be 1 + ((-1)/(-2))/((-16)/96). What is the tens digit of 204 - h - (-5 + 6)?
0
Let t be (-1)/(-2)*-4 - -4. Let m(p) = 18*p**t - 15 - 41*p**3 - 5 - 15*p + 40*p**3. What is the units digit of m(17)?
4
Suppose -5*z - 77 + 582 = 0. Suppose q = 2, -k + 2*q - q = -z. What is the hundreds digit of k?
1
Let v(u) = u**3 - 39*u**2 + 64*u + 71. What is the tens digit of v(38)?
5
Let u be (2 - 914)/(-4) + -1. Suppose 4*o = -5*z + u + 116, 0 = -4*o - 3*z + 353. What is the units digit of o?
2
Let v(s) = 11*s - 24. Let m be v(16). Suppose r = 3*r - m. Suppose 0 = -4*t - 0*t + r. What is the tens digit of t?
1
Let c(f) = 3*f**3 - 12*f**2 - 29*f. What is the hundreds digit of c(10)?
5
Suppose -11*p = -26*p + 1620. Suppose 80 = d - p. What is the tens digit of d?
8
Let y(u) = u**2 + 2*u - 2. Let x be y(5). Suppose 0 = 2*l - 33 - x. What is the tens digit of (114/4)/(l/44)?
3
Suppose 0 = -642*i + 635*i + 3584. What is the tens digit of i?
1
Let c(x) = -4*x**3 + 15*x**2 + 9. Let t(u) = u**3 + 1. Let w(f) = c(f) + 5*t(f). Let p be w(-15). Let k = 37 - p. What is the units digit of k?
3
Suppose 140 = -6*b + 10*b. Let k = 39 + b. What is the tens digit of k?
7
Suppose 19*k - 4*k - 31650 = 0. What is the tens digit of k?
1
Let b(i) = i**3 + 23*i**2 + 58*i - 10. What is the hundreds digit of b(-10)?
7
Let s(t) = t + 5. Let q be s(17). Suppose -q + 61 = 3*u - 4*d, 0 = 2*u + d - 26. What is the units digit of u?
3
Suppose -53*z = -49*z - 1016. What is the tens digit of z?
5
Let t = -3450 - -4931. What is the tens digit of t?
8
Suppose -3*u + 3*y = 4*y - 10, 3*y = -3*u + 6. Suppose 5*c = 2*x - 381, u*c - 6*c - 577 = -3*x. What is the units digit of x?
3
Suppose -g - 40 = -5*g. Suppose -3*v = -o - 24, 0 = 3*o - 4*o + 2*v - 20. Let h = g - o. What is the units digit of h?
2
Suppose -3*b = -0*b - 1713. What is the units digit of b?
1
Suppose -48 = b - 181. Let m = -271 + b. What is the tens digit of (m/(-9))/((-6)/(-9))?
2
Suppose 0 = -15*j + 16*j - 6. Suppose j*n - 18 = 5*n - 4*b, -38 = -n + b. What is the units digit of n?
4
Let q(i) = -i**3 + 13*i**2 + 15*i - 11. Let x be q(14). Suppose 3*k - k = 36. Suppose a - k = -y - 2*a, y = x*a + 48. What is the tens digit of y?
3
Let p be (-2)/2 + 25 + 0. Suppose 0 = 5*j + 3*l - p, 2*j + 6 = -0*j + 4*l. Suppose j*i - 76 = -7. What is the units digit of i?
3
Suppose -5*n = 2 + 8. Let f(l) be the first derivative of -3*l**2/2 - l - 104. What is the units digit of f(n)?
5
Let l(q) = 12*q**2 - 34*q - 257. What is the units digit of l(-20)?
3
Suppose 0 = 2*l - 9 - 5. Let o = 14 - l. Let h(i) = -i + 17. What is the units digit of h(o)?
0
Suppose 0 = 3*l - 2*l. Suppose 58 = 5*w + 2*j, -3*w - j + 34 = -l*j. What is the tens digit of w?
1
Suppose -5*c + 5*b = 87 + 433, -5*b = c + 110. Let n be (3/(-9))/(7/c). Suppose -w - w + 5*h = -119, -n*w + 3*h + 326 = 0. What is the tens digit of w?
6
Let a = -9 - -11. What is the units digit of a/(1 + 1)*19?
9
Let b(u) = -10*u - 4. Let w be b(-3). Let n = 67 - w. What is the tens digit of n?
4
S